{"id":1290,"date":"2023-03-20T14:17:40","date_gmt":"2023-03-20T13:17:40","guid":{"rendered":"http:\/\/176.32.230.1\/avholmsbergetrestaurang.se\/?page_id=1290"},"modified":"2023-05-04T14:12:29","modified_gmt":"2023-05-04T12:12:29","slug":"historia","status":"publish","type":"page","link":"http:\/\/176.32.230.1\/avholmsbergetrestaurang.se\/historia\/","title":{"rendered":"Om oss"},"content":{"rendered":"\t\t<div data-elementor-type=\"wp-page\" data-elementor-id=\"1290\" class=\"elementor elementor-1290\">\n\t\t\t\t\t\t<section class=\"elementor-section elementor-top-section elementor-element elementor-element-dea17fa animated-slow elementor-section-boxed elementor-section-height-default elementor-section-height-default elementor-invisible\" data-id=\"dea17fa\" data-element_type=\"section\" data-settings=\"{&quot;animation&quot;:&quot;fadeIn&quot;}\">\n\t\t\t\t\t\t\t<div class=\"elementor-background-overlay\"><\/div>\n\t\t\t\t\t\t\t<div class=\"elementor-container elementor-column-gap-default\">\n\t\t\t\t\t<div class=\"elementor-column elementor-col-100 elementor-top-column elementor-element elementor-element-92403f9\" data-id=\"92403f9\" data-element_type=\"column\">\n\t\t\t<div class=\"elementor-widget-wrap elementor-element-populated\">\n\t\t\t\t\t\t<div class=\"elementor-element elementor-element-116072b elementor-widget elementor-widget-heading\" data-id=\"116072b\" data-element_type=\"widget\" data-widget_type=\"heading.default\">\n\t\t\t\t<div class=\"elementor-widget-container\">\n\t\t\t\t\t<h2 class=\"elementor-heading-title elementor-size-default\">Om oss<\/h2>\t\t\t\t<\/div>\n\t\t\t\t<\/div>\n\t\t\t\t<div class=\"elementor-element elementor-element-7221a3e elementor-widget-divider--view-line elementor-widget elementor-widget-divider\" data-id=\"7221a3e\" data-element_type=\"widget\" data-widget_type=\"divider.default\">\n\t\t\t\t<div class=\"elementor-widget-container\">\n\t\t\t\t\t\t\t<div class=\"elementor-divider\">\n\t\t\t<span class=\"elementor-divider-separator\">\n\t\t\t\t\t\t<\/span>\n\t\t<\/div>\n\t\t\t\t\t\t<\/div>\n\t\t\t\t<\/div>\n\t\t\t\t<div class=\"elementor-element elementor-element-907a234 elementor-widget elementor-widget-text-editor\" data-id=\"907a234\" data-element_type=\"widget\" data-widget_type=\"text-editor.default\">\n\t\t\t\t<div class=\"elementor-widget-container\">\n\t\t\t\t\t\t\t\t\t<p>Vi som driver Avholmsberget numera \u00e4r <strong>Ylhva Englund<\/strong> och <strong>Andr\u00e9s Cabezas.<\/strong><br \/>Ylhva som \u00e4r b\u00f6rdig just fr\u00e5n Bjur\u00e5kerstrakten och nog ett k\u00e4nt namn i matamun, har drivit bla Bjur\u00e5kers G\u00e4stis, Folkets hus i Delsbo &amp; <br \/>Golfrestaurangen i Ljusdal. Samt drev hon ett tag restaurangen hemifr\u00e5n med d\u00e5varande sambo, men driver numera sin egen cateringfirma L\u00e5ngbo Catering.<\/p><p>Ylhva har tv\u00e5 barn, Madeleine och <br \/>Emily, vilket f\u00f6r oss os\u00f6kt direkt till Andres som tillsammans med <br \/>sambo Madeleine driver Golfrestaurangen i Ljusdal.<\/p><p>Andr\u00e9s som ursprungligen kommer fr\u00e5n Uruguay men flyttade och bodde i Spanien i m\u00e5nga \u00e5r, har \u00e4ven han jobbat i matbranschen i \u00f6ver 18 \u00e5r. I Spanien var han restaurangchef p\u00e5 tapaskedjan Lizarran. Flyttade sedan till Delsbo och jobbade p\u00e5 diverse restauranger innan dom tog \u00f6ver <br \/>Golfrestaurangen i Ljusdal. \u00c4ven han bor i L\u00e5ngbo med sambo och deras tre barn, Nicole, Sebastian &amp; Valentina.<\/p><p><br \/>B\u00e5da ser v\u00e4ldigt mycket framemot att f\u00e5tt m\u00f6jligheten att driva <br \/>restaurangen p\u00e5 vackra Avholmsberget.<\/p>\t\t\t\t\t\t\t\t<\/div>\n\t\t\t\t<\/div>\n\t\t\t\t\t<\/div>\n\t\t<\/div>\n\t\t\t\t\t<\/div>\n\t\t<\/section>\n\t\t\t\t<\/div>\n\t\t","protected":false},"excerpt":{"rendered":"<p>Om oss Vi som driver Avholmsberget numera \u00e4r Ylhva Englund och Andr\u00e9s Cabezas.Ylhva som \u00e4r b\u00f6rdig just fr\u00e5n Bjur\u00e5kerstrakten och nog ett k\u00e4nt namn i matamun, har drivit bla Bjur\u00e5kers G\u00e4stis, Folkets hus i Delsbo &amp; Golfrestaurangen i Ljusdal. Samt drev hon ett tag restaurangen hemifr\u00e5n med d\u00e5varande sambo, men driver numera sin egen cateringfirma [&hellip;]<\/p>\n","protected":false},"author":2,"featured_media":0,"parent":0,"menu_order":0,"comment_status":"closed","ping_status":"closed","template":"elementor_header_footer","meta":{"footnotes":""},"class_list":["post-1290","page","type-page","status-publish","hentry"],"yoast_head":"<!-- This site is optimized with the Yoast SEO plugin v24.5 - https:\/\/yoast.com\/wordpress\/plugins\/seo\/ -->\n<title>Om oss &#8211; Avholmsberget.se<\/title>\n<meta name=\"robots\" content=\"index, follow, max-snippet:-1, max-image-preview:large, max-video-preview:-1\" \/>\n<link rel=\"canonical\" href=\"http:\/\/176.32.230.1\/avholmsbergetrestaurang.se\/historia\/\" \/>\n<meta property=\"og:locale\" content=\"sv_SE\" \/>\n<meta property=\"og:type\" content=\"article\" \/>\n<meta property=\"og:title\" content=\"Om oss &#8211; Avholmsberget.se\" \/>\n<meta property=\"og:description\" content=\"Om oss Vi som driver Avholmsberget numera \u00e4r Ylhva Englund och Andr\u00e9s Cabezas.Ylhva som \u00e4r b\u00f6rdig just fr\u00e5n Bjur\u00e5kerstrakten och nog ett k\u00e4nt namn i matamun, har drivit bla Bjur\u00e5kers G\u00e4stis, Folkets hus i Delsbo &amp; Golfrestaurangen i Ljusdal. Samt drev hon ett tag restaurangen hemifr\u00e5n med d\u00e5varande sambo, men driver numera sin egen cateringfirma [&hellip;]\" \/>\n<meta property=\"og:url\" content=\"http:\/\/176.32.230.1\/avholmsbergetrestaurang.se\/historia\/\" \/>\n<meta property=\"og:site_name\" content=\"Avholmsberget Caf\u00e9 &amp; Restaurang\" \/>\n<meta property=\"article:modified_time\" content=\"2023-05-04T12:12:29+00:00\" \/>\n<meta name=\"twitter:card\" content=\"summary_large_image\" \/>\n<meta name=\"twitter:label1\" content=\"Ber\u00e4knad l\u00e4stid\" \/>\n\t<meta name=\"twitter:data1\" content=\"1 minut\" \/>\n<script type=\"application\/ld+json\" class=\"yoast-schema-graph\">{\"@context\":\"https:\/\/schema.org\",\"@graph\":[{\"@type\":\"WebPage\",\"@id\":\"http:\/\/176.32.230.1\/avholmsbergetrestaurang.se\/historia\/\",\"url\":\"http:\/\/176.32.230.1\/avholmsbergetrestaurang.se\/historia\/\",\"name\":\"Om oss &#8211; Avholmsberget.se\",\"isPartOf\":{\"@id\":\"http:\/\/176.32.230.1\/avholmsbergetrestaurang.se\/#website\"},\"datePublished\":\"2023-03-20T13:17:40+00:00\",\"dateModified\":\"2023-05-04T12:12:29+00:00\",\"breadcrumb\":{\"@id\":\"http:\/\/176.32.230.1\/avholmsbergetrestaurang.se\/historia\/#breadcrumb\"},\"inLanguage\":\"sv-SE\",\"potentialAction\":[{\"@type\":\"ReadAction\",\"target\":[\"http:\/\/176.32.230.1\/avholmsbergetrestaurang.se\/historia\/\"]}]},{\"@type\":\"BreadcrumbList\",\"@id\":\"http:\/\/176.32.230.1\/avholmsbergetrestaurang.se\/historia\/#breadcrumb\",\"itemListElement\":[{\"@type\":\"ListItem\",\"position\":1,\"name\":\"Hem\",\"item\":\"http:\/\/176.32.230.1\/avholmsbergetrestaurang.se\/\"},{\"@type\":\"ListItem\",\"position\":2,\"name\":\"Om oss\"}]},{\"@type\":\"WebSite\",\"@id\":\"http:\/\/176.32.230.1\/avholmsbergetrestaurang.se\/#website\",\"url\":\"http:\/\/176.32.230.1\/avholmsbergetrestaurang.se\/\",\"name\":\"Avholmsberget Caf\u00e9 &amp; Restaurang\",\"description\":\"God mat och H\u00e4lsinglands vackraste utsikt\",\"potentialAction\":[{\"@type\":\"SearchAction\",\"target\":{\"@type\":\"EntryPoint\",\"urlTemplate\":\"http:\/\/176.32.230.1\/avholmsbergetrestaurang.se\/?s={search_term_string}\"},\"query-input\":{\"@type\":\"PropertyValueSpecification\",\"valueRequired\":true,\"valueName\":\"search_term_string\"}}],\"inLanguage\":\"sv-SE\"}]}<\/script>\n<!-- \/ Yoast SEO plugin. -->","yoast_head_json":{"title":"Om oss &#8211; Avholmsberget.se","robots":{"index":"index","follow":"follow","max-snippet":"max-snippet:-1","max-image-preview":"max-image-preview:large","max-video-preview":"max-video-preview:-1"},"canonical":"http:\/\/176.32.230.1\/avholmsbergetrestaurang.se\/historia\/","og_locale":"sv_SE","og_type":"article","og_title":"Om oss &#8211; Avholmsberget.se","og_description":"Om oss Vi som driver Avholmsberget numera \u00e4r Ylhva Englund och Andr\u00e9s Cabezas.Ylhva som \u00e4r b\u00f6rdig just fr\u00e5n Bjur\u00e5kerstrakten och nog ett k\u00e4nt namn i matamun, har drivit bla Bjur\u00e5kers G\u00e4stis, Folkets hus i Delsbo &amp; Golfrestaurangen i Ljusdal. Samt drev hon ett tag restaurangen hemifr\u00e5n med d\u00e5varande sambo, men driver numera sin egen cateringfirma [&hellip;]","og_url":"http:\/\/176.32.230.1\/avholmsbergetrestaurang.se\/historia\/","og_site_name":"Avholmsberget Caf\u00e9 &amp; Restaurang","article_modified_time":"2023-05-04T12:12:29+00:00","twitter_card":"summary_large_image","twitter_misc":{"Ber\u00e4knad l\u00e4stid":"1 minut"},"schema":{"@context":"https:\/\/schema.org","@graph":[{"@type":"WebPage","@id":"http:\/\/176.32.230.1\/avholmsbergetrestaurang.se\/historia\/","url":"http:\/\/176.32.230.1\/avholmsbergetrestaurang.se\/historia\/","name":"Om oss &#8211; Avholmsberget.se","isPartOf":{"@id":"http:\/\/176.32.230.1\/avholmsbergetrestaurang.se\/#website"},"datePublished":"2023-03-20T13:17:40+00:00","dateModified":"2023-05-04T12:12:29+00:00","breadcrumb":{"@id":"http:\/\/176.32.230.1\/avholmsbergetrestaurang.se\/historia\/#breadcrumb"},"inLanguage":"sv-SE","potentialAction":[{"@type":"ReadAction","target":["http:\/\/176.32.230.1\/avholmsbergetrestaurang.se\/historia\/"]}]},{"@type":"BreadcrumbList","@id":"http:\/\/176.32.230.1\/avholmsbergetrestaurang.se\/historia\/#breadcrumb","itemListElement":[{"@type":"ListItem","position":1,"name":"Hem","item":"http:\/\/176.32.230.1\/avholmsbergetrestaurang.se\/"},{"@type":"ListItem","position":2,"name":"Om oss"}]},{"@type":"WebSite","@id":"http:\/\/176.32.230.1\/avholmsbergetrestaurang.se\/#website","url":"http:\/\/176.32.230.1\/avholmsbergetrestaurang.se\/","name":"Avholmsberget Caf\u00e9 &amp; Restaurang","description":"God mat och H\u00e4lsinglands vackraste utsikt","potentialAction":[{"@type":"SearchAction","target":{"@type":"EntryPoint","urlTemplate":"http:\/\/176.32.230.1\/avholmsbergetrestaurang.se\/?s={search_term_string}"},"query-input":{"@type":"PropertyValueSpecification","valueRequired":true,"valueName":"search_term_string"}}],"inLanguage":"sv-SE"}]}},"_links":{"self":[{"href":"http:\/\/176.32.230.1\/avholmsbergetrestaurang.se\/wp-json\/wp\/v2\/pages\/1290","targetHints":{"allow":["GET"]}}],"collection":[{"href":"http:\/\/176.32.230.1\/avholmsbergetrestaurang.se\/wp-json\/wp\/v2\/pages"}],"about":[{"href":"http:\/\/176.32.230.1\/avholmsbergetrestaurang.se\/wp-json\/wp\/v2\/types\/page"}],"author":[{"embeddable":true,"href":"http:\/\/176.32.230.1\/avholmsbergetrestaurang.se\/wp-json\/wp\/v2\/users\/2"}],"replies":[{"embeddable":true,"href":"http:\/\/176.32.230.1\/avholmsbergetrestaurang.se\/wp-json\/wp\/v2\/comments?post=1290"}],"version-history":[{"count":9,"href":"http:\/\/176.32.230.1\/avholmsbergetrestaurang.se\/wp-json\/wp\/v2\/pages\/1290\/revisions"}],"predecessor-version":[{"id":1801,"href":"http:\/\/176.32.230.1\/avholmsbergetrestaurang.se\/wp-json\/wp\/v2\/pages\/1290\/revisions\/1801"}],"wp:attachment":[{"href":"http:\/\/176.32.230.1\/avholmsbergetrestaurang.se\/wp-json\/wp\/v2\/media?parent=1290"}],"curies":[{"name":"wp","href":"https:\/\/api.w.org\/{rel}","templated":true}]}}